{"id":14,"date":"2014-11-14T21:09:09","date_gmt":"2014-11-14T21:09:09","guid":{"rendered":"http:\/\/www.jeanlouiscianni.com\/?page_id=14"},"modified":"2025-06-23T08:11:53","modified_gmt":"2025-06-23T08:11:53","slug":"livres","status":"publish","type":"page","link":"https:\/\/www.jeanlouiscianni.com\/?page_id=14","title":{"rendered":"LIVRES"},"content":{"rendered":"<p>Des ouvrages traduits en italien, espagnol, portugais, allemand, roumain, cor\u00e9en et en langue arabe<\/p>\n<p class=\"hide-if-no-js\"><a id=\"set-post-thumbnail\" class=\"thickbox\" title=\"Mettre une image \u00e0 la Une\" href=\"http:\/\/www.jeanlouiscianni.com\/wp-admin\/media-upload.php?post_id=14&amp;type=image&amp;TB_iframe=1\">\u00a0 \u00a0 \u00a0 \u00a0 \u00a0 \u00a0 \u00a0 \u00a0 \u00a0 \u00a0 \u00a0 \u00a0 \u00a0 \u00a0\u00a0 <span style=\"color: #000000;\"><br \/><\/span><\/a><\/p>\n<p class=\"hide-if-no-js\">\u00a0<\/p>\n\n\n<figure class=\"wp-block-image size-full\"><a href=\"https:\/\/www.jeanlouiscianni.com\/wp-content\/uploads\/new-livre.jpg\"><img decoding=\"async\" loading=\"lazy\" width=\"242\" height=\"400\" src=\"https:\/\/www.jeanlouiscianni.com\/wp-content\/uploads\/new-livre.jpg\" alt=\"\" class=\"wp-image-1314\" srcset=\"https:\/\/www.jeanlouiscianni.com\/wp-content\/uploads\/new-livre.jpg 242w, https:\/\/www.jeanlouiscianni.com\/wp-content\/uploads\/new-livre-182x300.jpg 182w\" sizes=\"(max-width: 242px) 100vw, 242px\" \/><\/a><\/figure>\n\n\n\n<p>Pour l&rsquo;\u00e9t\u00e9 2025 Les \u00e9ditions Le Reli\u00e9 publient en poche Philosopher \u00e0 la plage, s\u00e9rie de courtes r\u00e9flexions et d&rsquo;exercices \u00e0 pratiquer le temps des vacances. Au grand air bien entendu mais aussi sur sa plage int\u00e9rieure&#8230;Bonne lecture. <\/p>\n","protected":false},"excerpt":{"rendered":"<p>Des ouvrages traduits en italien, espagnol, portugais, allemand, roumain, cor\u00e9en et en langue arabe \u00a0 \u00a0 \u00a0 \u00a0 \u00a0 \u00a0 \u00a0 \u00a0 \u00a0 \u00a0 \u00a0 \u00a0 \u00a0 \u00a0\u00a0 \u00a0 Pour l&rsquo;\u00e9t\u00e9 2025 Les \u00e9ditions Le Reli\u00e9 publient en poche Philosopher \u00e0 la plage, s\u00e9rie de courtes r\u00e9flexions et d&rsquo;exercices \u00e0 pratiquer le temps des vacances. Au grand air bien entendu [&#8230;]<\/p>\n","protected":false},"author":1,"featured_media":0,"parent":0,"menu_order":2,"comment_status":"closed","ping_status":"closed","template":"livres.php","meta":{"jetpack_post_was_ever_published":false},"jetpack_sharing_enabled":true,"jetpack_shortlink":"https:\/\/wp.me\/P5uUg2-e","_links":{"self":[{"href":"https:\/\/www.jeanlouiscianni.com\/index.php?rest_route=\/wp\/v2\/pages\/14"}],"collection":[{"href":"https:\/\/www.jeanlouiscianni.com\/index.php?rest_route=\/wp\/v2\/pages"}],"about":[{"href":"https:\/\/www.jeanlouiscianni.com\/index.php?rest_route=\/wp\/v2\/types\/page"}],"author":[{"embeddable":true,"href":"https:\/\/www.jeanlouiscianni.com\/index.php?rest_route=\/wp\/v2\/users\/1"}],"replies":[{"embeddable":true,"href":"https:\/\/www.jeanlouiscianni.com\/index.php?rest_route=%2Fwp%2Fv2%2Fcomments&post=14"}],"version-history":[{"count":16,"href":"https:\/\/www.jeanlouiscianni.com\/index.php?rest_route=\/wp\/v2\/pages\/14\/revisions"}],"predecessor-version":[{"id":1317,"href":"https:\/\/www.jeanlouiscianni.com\/index.php?rest_route=\/wp\/v2\/pages\/14\/revisions\/1317"}],"wp:attachment":[{"href":"https:\/\/www.jeanlouiscianni.com\/index.php?rest_route=%2Fwp%2Fv2%2Fmedia&parent=14"}],"curies":[{"name":"wp","href":"https:\/\/api.w.org\/{rel}","templated":true}]}}

<p>Des ouvrages traduits en italien, espagnol, portugais, allemand, roumain, coréen et en langue arabe</p>
<p class="hide-if-no-js"><a id="set-post-thumbnail" class="thickbox" title="Mettre une image à la Une" href="http://www.jeanlouiscianni.com/wp-admin/media-upload.php?post_id=14&amp;type=image&amp;TB_iframe=1">                             <span style="color: #000000;"><br /></span></a></p>
<p class="hide-if-no-js"> </p>


<figure class="wp-block-image size-full"><a href="https://www.jeanlouiscianni.com/wp-content/uploads/new-livre.jpg"><img decoding="async" loading="lazy" width="242" height="400" src="https://www.jeanlouiscianni.com/wp-content/uploads/new-livre.jpg" alt="" class="wp-image-1314" srcset="https://www.jeanlouiscianni.com/wp-content/uploads/new-livre.jpg 242w, https://www.jeanlouiscianni.com/wp-content/uploads/new-livre-182x300.jpg 182w" sizes="(max-width: 242px) 100vw, 242px" /></a></figure>



<p>Pour l&rsquo;été 2025 Les éditions Le Relié publient en poche Philosopher à la plage, série de courtes réflexions et d&rsquo;exercices à pratiquer le temps des vacances. Au grand air bien entendu mais aussi sur sa plage intérieure&#8230;Bonne lecture. </p>

<p>Des ouvrages traduits en italien, espagnol, portugais, allemand, roumain, coréen et en langue arabe                                Pour l&rsquo;été 2025 Les éditions Le Relié publient en poche Philosopher à la plage, série de courtes réflexions et d&rsquo;exercices à pratiquer le temps des vacances. Au grand air bien entendu [&#8230;]</p>
