{"id":10,"date":"2014-11-14T21:05:40","date_gmt":"2014-11-14T21:05:40","guid":{"rendered":"http:\/\/www.jeanlouiscianni.com\/?page_id=10"},"modified":"2014-12-20T17:25:03","modified_gmt":"2014-12-20T17:25:03","slug":"biographie","status":"publish","type":"page","link":"https:\/\/www.jeanlouiscianni.com\/?page_id=10","title":{"rendered":"Biographie"},"content":{"rendered":"<p style=\"text-align: justify;\">Je vis \u00e0 Montp<a href=\"http:\/\/www.jeanlouiscianni.com\/wp-content\/uploads\/decoupe.png\"><img decoding=\"async\" loading=\"lazy\" class=\"wp-image-72 alignleft\" src=\"http:\/\/www.jeanlouiscianni.com\/wp-content\/uploads\/decoupe-208x300.png\" alt=\"decoupe.png\" width=\"197\" height=\"284\" srcset=\"https:\/\/www.jeanlouiscianni.com\/wp-content\/uploads\/decoupe-208x300.png 208w, https:\/\/www.jeanlouiscianni.com\/wp-content\/uploads\/decoupe-710x1024.png 710w, https:\/\/www.jeanlouiscianni.com\/wp-content\/uploads\/decoupe.png 2002w\" sizes=\"(max-width: 197px) 100vw, 197px\" \/><\/a>ellier, mais je suis n\u00e9 dans le port de S\u00e8te, ce qui donne \u00e0 mon travail une couleur maritime et un parfum d\u2019insularit\u00e9. J\u2019ai fait des \u00e9tudes de philosophie et de sciences du langage, mais j\u2019ai pr\u00e9f\u00e9r\u00e9 l\u2019action \u00e0 l\u2019enseignement.<\/p>\n<p style=\"text-align: justify;\">Je me suis embarqu\u00e9 dans le journalisme puis la communication, oc\u00e9ans professionnels agit\u00e9s par de puissants remous. Sur les espaces tourment\u00e9s, de la presse nationale et r\u00e9gionale, des entreprises et des collectivit\u00e9s que j\u2019ai travers\u00e9s, j\u2019ai toujours utilis\u00e9 les phares, balises et boussoles de la philosophie. Ils m\u2019ont orient\u00e9 dans ma vie professionnelle.<\/p>\n<p style=\"text-align: justify;\">Les cours de communication que j\u2019ai donn\u00e9s dans les universit\u00e9s de Montpellier pendant de longues ann\u00e9es ont \u00e9galement puis\u00e9 dans ses m\u00e9thodes, ses th\u00e9ories, ses ressources critiques.<\/p>\n<p style=\"text-align: justify;\">Pour moi la philosophie est une pratique, un engagement. Elle nous aide \u00a0\u00e0 affronter les \u00e9preuves de la vie et \u00e0 conduire notre existence. Elle incite toujours \u00e0 la lucidit\u00e9 et \u00e0 la vigilance citoyenne. Elle nous rappelle notre exigence de solidarit\u00e9 et de libert\u00e9.<\/p>\n","protected":false},"excerpt":{"rendered":"<p>Je vis \u00e0 Montpellier, mais je suis n\u00e9 dans le port de S\u00e8te, ce qui donne \u00e0 mon travail une couleur maritime et un parfum d\u2019insularit\u00e9. J\u2019ai fait des \u00e9tudes de philosophie et de sciences du langage, mais j\u2019ai pr\u00e9f\u00e9r\u00e9 l\u2019action \u00e0 l\u2019enseignement. Je me suis embarqu\u00e9 dans le journalisme puis la communication, oc\u00e9ans professionnels agit\u00e9s par de puissants remous. [&#8230;]<\/p>\n","protected":false},"author":1,"featured_media":0,"parent":0,"menu_order":1,"comment_status":"closed","ping_status":"closed","template":"","meta":{"jetpack_post_was_ever_published":false},"jetpack_sharing_enabled":true,"jetpack_shortlink":"https:\/\/wp.me\/P5uUg2-a","_links":{"self":[{"href":"https:\/\/www.jeanlouiscianni.com\/index.php?rest_route=\/wp\/v2\/pages\/10"}],"collection":[{"href":"https:\/\/www.jeanlouiscianni.com\/index.php?rest_route=\/wp\/v2\/pages"}],"about":[{"href":"https:\/\/www.jeanlouiscianni.com\/index.php?rest_route=\/wp\/v2\/types\/page"}],"author":[{"embeddable":true,"href":"https:\/\/www.jeanlouiscianni.com\/index.php?rest_route=\/wp\/v2\/users\/1"}],"replies":[{"embeddable":true,"href":"https:\/\/www.jeanlouiscianni.com\/index.php?rest_route=%2Fwp%2Fv2%2Fcomments&post=10"}],"version-history":[{"count":11,"href":"https:\/\/www.jeanlouiscianni.com\/index.php?rest_route=\/wp\/v2\/pages\/10\/revisions"}],"predecessor-version":[{"id":267,"href":"https:\/\/www.jeanlouiscianni.com\/index.php?rest_route=\/wp\/v2\/pages\/10\/revisions\/267"}],"wp:attachment":[{"href":"https:\/\/www.jeanlouiscianni.com\/index.php?rest_route=%2Fwp%2Fv2%2Fmedia&parent=10"}],"curies":[{"name":"wp","href":"https:\/\/api.w.org\/{rel}","templated":true}]}}

<p style="text-align: justify;">Je vis à Montp<a href="http://www.jeanlouiscianni.com/wp-content/uploads/decoupe.png"><img decoding="async" loading="lazy" class="wp-image-72 alignleft" src="http://www.jeanlouiscianni.com/wp-content/uploads/decoupe-208x300.png" alt="decoupe.png" width="197" height="284" srcset="https://www.jeanlouiscianni.com/wp-content/uploads/decoupe-208x300.png 208w, https://www.jeanlouiscianni.com/wp-content/uploads/decoupe-710x1024.png 710w, https://www.jeanlouiscianni.com/wp-content/uploads/decoupe.png 2002w" sizes="(max-width: 197px) 100vw, 197px" /></a>ellier, mais je suis né dans le port de Sète, ce qui donne à mon travail une couleur maritime et un parfum d’insularité. J’ai fait des études de philosophie et de sciences du langage, mais j’ai préféré l’action à l’enseignement.</p>
<p style="text-align: justify;">Je me suis embarqué dans le journalisme puis la communication, océans professionnels agités par de puissants remous. Sur les espaces tourmentés, de la presse nationale et régionale, des entreprises et des collectivités que j’ai traversés, j’ai toujours utilisé les phares, balises et boussoles de la philosophie. Ils m’ont orienté dans ma vie professionnelle.</p>
<p style="text-align: justify;">Les cours de communication que j’ai donnés dans les universités de Montpellier pendant de longues années ont également puisé dans ses méthodes, ses théories, ses ressources critiques.</p>
<p style="text-align: justify;">Pour moi la philosophie est une pratique, un engagement. Elle nous aide  à affronter les épreuves de la vie et à conduire notre existence. Elle incite toujours à la lucidité et à la vigilance citoyenne. Elle nous rappelle notre exigence de solidarité et de liberté.</p>

<p>Je vis à Montpellier, mais je suis né dans le port de Sète, ce qui donne à mon travail une couleur maritime et un parfum d’insularité. J’ai fait des études de philosophie et de sciences du langage, mais j’ai préféré l’action à l’enseignement. Je me suis embarqué dans le journalisme puis la communication, océans professionnels agités par de puissants remous. [&#8230;]</p>
